f be (4 - (3 - 4)) + 1. Let z(i) = 11*i**2 + 3*i + 18. Let s be z(f). Suppose 2*m + 86 = s. What is the units digit of m?
3
Suppose 0 = -6*h + 7003 + 3431. Suppose -2*g + 3*q = -6*g + h, 4*g - q - 1719 = 0. Suppose 1 + g = 4*u. What is the units digit of u?
8
Let q = -1203 - -1889. Suppose -o + q + 118 = 0. What is the units digit of o?
4
Suppose -3*c + 5*q + 18 = 0, -c = 3*q - 10 + 4. Suppose -14*z = c*z - 17780. What is the tens digit of z?
8
Let l = 444 + -785. Let m = 372 + l. What is the units digit of m?
1
Let h be 877*8/(-9 - -1). Let d = h - -2242. What is the hundreds digit of d?
3
Suppose -162348 = -7*c + 102994. What is the units digit of c?
6
What is the tens digit of (22/(-44))/(10/(-120680))?
3
Let j(h) = -754*h - 2169. What is the units digit of j(-36)?
5
What is the units digit of ((-4)/(12/17207))/((-173)/519)?
7
Let k(a) = 71*a**2 - 6*a + 12. Let c be k(3). Suppose 0 = -4*n - 3*q + 2505, -2*n - 4*q = -c - 617. What is the hundreds digit of n?
6
Suppose 2*o - 374 = -0*o. Suppose 7*s = -o - 156. Let r = 59 - s. What is the hundreds digit of r?
1
What is the thousands digit of ((-88)/(-154))/((-88136)/22036 + 4)?
1
Suppose -813*l + 151145 = -794*l. What is the tens digit of l?
5
Let z be (-72)/(-15) + 1 + 2/10. Suppose 0 = z*v - 3*v - 420. Let x = v - -85. What is the hundreds digit of x?
2
Let h(n) = 5*n**3 - n**2. Let m(x) = x**3 + 16*x**2 - 37*x - 17. Let p be m(-18). Let a be h(p). Suppose 52 = 2*b + a. What is the tens digit of b?
2
Let l = -951 - -2902. Suppose 16*y + l = 5135. Suppose -2*p + 91 = -y. What is the tens digit of p?
4
Suppose 2*w - 30952 = -4*b, -14*b - 46396 = -3*w - 12*b. What is the hundreds digit of w?
4
Let i(j) = -5*j**3 + 18*j**2 - 2*j + 14365. What is the tens digit of i(0)?
6
Let u be 128 - (-7)/(21/(-12)). Suppose -3*z = j + u, -2*j - 3*z - 2*z - 251 = 0. Let b = j - -290. What is the units digit of b?
7
Suppose -95*p + 49*p + 236302 = 0. What is the tens digit of p?
3
Suppose 140642 = 2*t + 21*k - 23*k, 0 = -5*k + 20. What is the tens digit of t?
2
What is the thousands digit of 254605/40 + 5/(-40)?
6
Let d = 17254 + -10315. What is the tens digit of d?
3
Suppose -7*l - 395 = -2*l + 2*r, 2*r = -3*l - 233. Let q = l + 124. Suppose -3*o + 76 + 33 = -2*y, q = o - 4*y. What is the units digit of o?
5
Suppose 0 = 13*t - 10*t + 4*m - 8959, 4*m - 11948 = -4*t. What is the thousands digit of t?
2
Suppose 132*g - 627746 + 45061 = 64247. What is the tens digit of g?
0
Let x = -64 + 64. Let f(w) = -2*w**2 - w + 1. Let l be f(x). What is the hundreds digit of ((-1000)/(-15))/(l/3)?
2
Suppose 538*x = 560*x - 216722. What is the hundreds digit of x?
8
What is the thousands digit of 3 - (-20133 + -13 + -3)?
0
Let r(l) = -114*l**3 - 3*l**2 - 14*l + 22. What is the units digit of r(-4)?
6
Let s be -5 + 4 + 116 + 1. Suppose 5*t - 21 = u, -2*t - 5*u - 2 = -5. Suppose -k - k + 4*q = -s, -t*q + 8 = 0. What is the tens digit of k?
6
Let l(b) = 1017*b - 24. Let z be l(8). Suppose -20*y + z = -7*y. What is the tens digit of y?
2
Let t = -6 + 31. Suppose 4*l - 4*g + 80 = 0, 2*l - g + 2*g = -t. What is the tens digit of 872/15 + 2/l?
5
Let u be (-3 + 0)/(2/8). Let t = 14 + u. Suppose 4*g = t*m + 388, 0 = 3*g - 5*m - 152 - 139. What is the tens digit of g?
9
Let p(n) = 13*n**2 + 12*n - 1. Suppose 5*u - 53 = 4*c, 5*c - 8*c = -4*u + 41. What is the units digit of p(c)?
2
Let l = 7258 + -3647. What is the thousands digit of l?
3
Suppose 2 = z, 4*j - z + 4816 = z. Let q = -650 - j. What is the tens digit of q?
5
Let a(l) = 6*l**2 - 2*l + 185. Let u be a(-16). Let q = u - 1062. What is the hundreds digit of q?
6
Let c(i) = 8*i**2 + 87*i + 13. Let x be c(8). Suppose x*a = 1225*a - 4720. What is the tens digit of a?
8
What is the tens digit of ((-12)/24)/(1 - (-31814)/(-31812))?
5
Suppose -4*z + 11364 = 2157 - 14625. What is the tens digit of z?
5
Let g be (-7691)/(-10) + (-57)/(-30) + -2. Suppose 3 = -3*f, -9*m + 12*m - 4*f = g. What is the hundreds digit of m?
2
Let r(a) = a - 1. Suppose -20 = 7*i - 3*i. Let u be r(i). What is the tens digit of (2 + 2/(-4))*(-316)/u?
7
Suppose 422 = 3*c - 304. Let k = 771 - c. Let r = k - 305. What is the tens digit of r?
2
Let n(o) be the second derivative of 19*o**3/6 - 7*o**2 + o. Suppose 25*j - 285 = -135. What is the tens digit of n(j)?
0
Suppose -13 + 15 = 2*j, -2*m + 3*j = -20107. What is the hundreds digit of m?
0
Suppose -6*q + 7290 + 34950 = 0. What is the tens digit of q?
4
Let w be (-734)/(((-8)/(-10))/(2/(-5))). Let s = w + -18. What is the hundreds digit of s?
3
Suppose 603 = 5*u + 3*o, 0*u = 5*u - 3*o - 627. Let n = u + -190. What is the tens digit of 2 - 2 - (-1 + n)?
6
Let z(p) = 3*p**3 - 4*p**2 + 5*p. Let g be z(3). What is the tens digit of g/50 + 14095/25?
6
Let l = 95447 + -60946. What is the thousands digit of l?
4
Suppose -4 - 5 = v. Let d(g) = -g**2 - 9*g - 8. Let r be d(v). Let t(j) = j**3 + 7*j**2 - 12*j - 4. What is the units digit of t(r)?
8
Let p(q) = q**2 + q - 9. Let x be p(-4). Suppose -2427 = -5*b + 4*r, -b + x*b + 4*r - 982 = 0. What is the units digit of b?
7
Let j(y) = 2*y + 18. Let f be j(-8). Suppose -f*t - 4950 = -8*t. What is the hundreds digit of t?
8
Suppose -32*r + 127656 = 165*r. What is the tens digit of r?
4
Let c = 1666 - 978. Let w = -11 + c. What is the hundreds digit of w?
6
Let t(l) = 27*l**2 + 15571. What is the ten thousands digit of t(0)?
1
Let d = 49 + 36. Let m = 120 - d. What is the units digit of m?
5
Let n = -3020 - -9292. What is the thousands digit of n?
6
Let k be 88 + 3 + 1 + -2. Let w be (-1*9)/((-2)/k). Suppose -4*g + w = g. What is the tens digit of g?
8
Suppose 2*d + 5*k = 5*d - 5, k - 22 = -4*d. Suppose 0 = 5*l - 4*s - 1490, d*s + 774 = 3*l - 120. What is the units digit of l?
8
Let s(w) = -2*w**3 + 17*w**2 + 3*w + 9. Let p be s(9). Let u = p - -39. What is the tens digit of 3*(-2)/u + 86?
8
Suppose 2*h - 5*w = 561, -5*h = -0*h - 5*w - 1425. Suppose -5*d + 2*d = -h. Suppose -72 = -2*k + d. What is the units digit of k?
4
Let t = -87 + 60. Let l be (-2)/(-6) + 3*138/t. What is the tens digit of 1*(-12)/l*315/18?
1
What is the units digit of ((-20)/10)/(((-29)/(-359223))/((-4)/6))?
6
Let m = -354 + 504. Suppose 5*d + 0*d = m. What is the tens digit of d?
3
Suppose -12*m - 4*m = -288. Let f(r) = r**3 - m*r**2 - 8*r**3 - 13 + 12*r + 6*r**3. What is the hundreds digit of f(-19)?
1
Suppose 5 - 3 = n. Let s be n/5 - (-6321)/35. Let m = s - 71. What is the tens digit of m?
1
What is the hundreds digit of ((-35082 - 0) + (-51 - -39))/(-2)?
5
What is the units digit of -10 + 6061 + ((-704)/(-8))/(-8)?
0
What is the thousands digit of (0 - 17392/(-3)) + 114/(-342)?
5
Suppose 4*z - 151984 = -4*k, -2*k + 3*z + 182 + 75830 = 0. What is the ten thousands digit of k?
3
Let m = 151 - 158. What is the units digit of m/(42/(-18)) + 486?
9
Let o(f) be the third derivative of f**4/4 - 14*f**2. Let m be o(-4). Let q = 33 + m. What is the units digit of q?
9
Let y(g) = -183*g. Let f be y(-2). Suppose 11*n - 8*n = -f. Let l = 211 + n. What is the units digit of l?
9
Let v(b) be the first derivative of 7*b**3/3 + 3*b**2/2 - 15*b + 387. Let o = -1 + -4. What is the hundreds digit of v(o)?
1
Let f(k) = -k**3 - 15*k**2 - 13*k + 16. Let v be f(-14). Suppose -j = 3*a - 700, j - v*j + 234 = a. What is the units digit of a?
3
Let k = 3 + -9. Let g(z) = -10*z**2. Let t(w) = 64*w**2 + 14*w + 35. Let y(s) = 6*g(s) + t(s). What is the tens digit of y(k)?
9
Suppose 0 = -3*v - 2*g + 28006, 0 = 2*v - 4*g - 15257 - 3403. What is the tens digit of v?
3
Let a(t) = -t**3 + 27*t**2 - 14*t - 8. Let j be a(19). Suppose j = 9*z + 553. What is the tens digit of z?
2
What is the hundreds digit of 1 - ((33/(-18) - -2) + (-422360)/48)?
8
Let t(k) = -12*k**2 - 6*k - 15. Let c be t(-4). Let d = 124 - c. What is the units digit of d?
7
Let t = 12 + -11. Suppose -2*u - 4 = -3*p, 4*p + u = -t - 1. What is the units digit of (p + (-28)/(-16))*4?
7
Suppose 521*k - 3882648 = 279*k. What is the hundreds digit of k?
0
Suppose -5*t - 4270 = -5*u, -9*t + 12*t - 9 = 0. What is the hundreds digit of u?
8
Let u = 439 + -438. What is the units digit of 239/u + -8 + 20 + -11?
0
Let z(p) = -p + 2. Let a(t) = -17*t - 13. Let n(c) = -2*a(c) + 6*z(c). Let x be n(6). Let f = -76 + x. What is the 